t i(y) = -10*y - 1. Let j be i(2). Let s = j - -45. What is the highest common divisor of s and t?
8
Let c be 7 + (3 + -6 - -1). Suppose -4*x + 5 = -3*u + 19, 0 = u - c*x - 12. What is the highest common factor of u and 2?
2
Suppose -g - z = 3*z - 20, 5*z - 12 = 2*g. Let n be (g + -1)/((-2)/12). Let t be (-4)/n - 572/(-18). Calculate the highest common divisor of t and 80.
16
Suppose 0*v = -v + 150. Suppose 0*y = -5*y + v. Suppose 3*k + 3*w = 6, 12 = 5*k - 3*w - 30. Calculate the greatest common factor of y and k.
6
Let i = -6 + 12. Let n be (10 - 9)*i*1. What is the highest common divisor of 15 and n?
3
Let t = -31 + 67. Suppose -o - 3*s = 3, 13 = o - 2*s - 3*s. Suppose 2*x + 2*r = 14, -5*x + 0*r = -o*r - 75. What is the greatest common factor of x and t?
12
Let u be (-965)/(-5) - 3 - 6. Let x = 7 + 16. What is the highest common factor of x and u?
23
Suppose -4*c - 9 = 31. Let s = c + 11. Calculate the highest common factor of 5 and s.
1
Let f(j) = j + 8. Let y be f(-9). Let r be 6606/30 - y/(-5). What is the greatest common factor of 20 and r?
20
Suppose 0 = 2*s - 5*h - 40 - 8, 0 = -s - 4*h + 24. Suppose 3*n - r - s = 0, 3*n - 3*r + 19 = 7*n. What is the greatest common factor of 56 and n?
7
Suppose 4*w - 24 = -0*w. Suppose -3*r = 4*h - 56, 17 = r - 3*h + 4*h. Calculate the greatest common factor of w and r.
6
Suppose 0 = -2*x - 4*b + 432, 4*x - 824 = -0*b + 2*b. What is the highest common factor of 13 and x?
13
Let w = -40 - -98. Let u = -33 - -62. What is the highest common divisor of w and u?
29
Suppose -5*v + 50 = 6*l - l, 3*v - 19 = -2*l. Calculate the greatest common divisor of 1 and l.
1
Suppose -7*q - 55 = -2*q - 4*t, q + 2*t = 3. Let k(g) = 2 - 5 - 6 + 2 - 4*g. Let w be k(q). Calculate the highest common divisor of w and 3.
3
Let n be ((4 - 3) + 0)*4. Suppose 1 = n*p - 207. Calculate the highest common divisor of 13 and p.
13
Let f be 96/20 - 5 - (-168)/15. Calculate the greatest common divisor of 44 and f.
11
Let j = -16 - -17. Let m be 7 + (1 - -1) + j. Calculate the greatest common divisor of 30 and m.
10
Let n(p) = 4*p**3 - 3*p**2 + 3*p + 1. Let z be n(2). Calculate the highest common factor of z and 54.
27
Suppose 3*j - 82 = 38. Let f = -23 + j. Calculate the greatest common divisor of 17 and f.
17
Suppose 0 = -9*y + 13*y - 8. Calculate the highest common factor of 4 and y.
2
Suppose 9*q = 11*q - 6. Suppose f + 4*g = -14, 4*f = -0*f + q*g + 20. What is the highest common factor of f and 16?
2
Suppose -704 = -5*f + f. What is the greatest common factor of f and 11?
11
Let s be (-715)/(-35) - (-8)/14. What is the greatest common divisor of s and 168?
21
Let v(s) = s**2 + 9*s + 3. Let o be v(-7). Let b = -3 - o. Let k be 1 + 1 - (2 + -32). What is the highest common divisor of b and k?
8
Suppose -3*n = 2*n - 175. Let o be (-636)/(-10) - (-14)/n. Suppose 5*a - o - 21 = 0. What is the highest common divisor of 17 and a?
17
Let s be 2*-1 - (6 - (-6 + 20)). Let h be (1 + 0)*(31 + -1). Calculate the greatest common factor of h and s.
6
Let x be (-2)/(-4) - 45/(-6). Suppose z + w - 4*w + 5 = 0, -2*z - x = -4*w. Let t be 2 + (10 - z) + -3. Calculate the highest common divisor of t and 88.
11
Let o(y) = -y + 10. Let h be o(6). Suppose 6*f - 4*f + 372 = -2*a, -h*a = f + 183. Let n = -127 - f. What is the greatest common divisor of 12 and n?
12
Let v be (-2)/1*(-13)/1. Let w be 10 - -1 - (-2 - 0). What is the highest common divisor of w and v?
13
Let h(b) be the third derivative of -b**6/120 + 11*b**5/60 - 5*b**4/12 + 3*b**3/2 - 3*b**2. Let o be h(7). What is the highest common divisor of 15 and o?
15
Suppose -7 = 4*z - 15, 4*m - 16 = -4*z. Suppose -m*c - 16 = 2. Let b = c + 22. Calculate the greatest common factor of 65 and b.
13
Let q = -7 + 11. Let p be q/(-22) + 756/44. What is the highest common factor of 34 and p?
17
Suppose -5*s + 2*s - 156 = 0. Let n be s/(-14) + (-4)/(-14). Let u = -17 - -45. Calculate the highest common divisor of n and u.
4
Let k be (2/1)/(3/228). Suppose 3*w - 4*m = -2*w + 296, -k = -3*w - 4*m. Suppose -5*t + 34 = -1. Calculate the greatest common factor of t and w.
7
Suppose -3*b + 0*b = -h - 7, 4*b - 2*h = 12. Suppose 4*r = -5*o + 26, -5 = -4*r - 2*o + 27. Calculate the greatest common factor of b and r.
1
Let z be 3/(-18)*3 - 98/(-4). What is the greatest common divisor of z and 60?
12
Suppose 2*m + t - 210 = -4*t, 0 = -m - 5*t + 110. What is the highest common divisor of 40 and m?
20
Let f = -29 - -62. Suppose 0 = -5*u + u + 12. What is the greatest common factor of u and f?
3
Let g = -151 - -211. What is the highest common divisor of 30 and g?
30
Suppose 2*z + 222 = 4*h, 2*h + z - 5*z = 96. What is the greatest common factor of 87 and h?
29
Let w(a) = a**2 + a - 4. Let i be w(-9). What is the greatest common factor of 17 and i?
17
Let d = -1 + 3. Let f(l) = -l + 10. Suppose 2*m - 3*n - 2*n = 29, -3*m = -4*n - 33. Let z be f(m). What is the highest common divisor of z and d?
1
Let q be (-8)/(-12) + 6/(-9). Suppose q = r - 5, -h + 0*r + 3*r + 9 = 0. What is the greatest common divisor of h and 6?
6
Let g(z) = -z**3 + 5*z**2 + 4*z - 6. Let r be g(6). Let h = 36 + r. Let s be 2/(-4)*h/(-3). What is the greatest common divisor of 21 and s?
3
Suppose -y - 21 = -4*y. Let k = 2 + 3. Suppose 0*b + 5*b - k = 0. What is the greatest common factor of b and y?
1
Suppose 0*h - 288 = -4*h. What is the highest common factor of 8 and h?
8
Let x = -2 + -2. Let q be x/(-10) - (-676)/10. Let m be ((-2)/4)/((-2)/q). What is the highest common factor of 153 and m?
17
Let q(y) = 2*y - 2. Let a be q(3). Let v = 29 + -3. Suppose 0 = 5*r - j - 26 - 6, -3*r + a*j + v = 0. Calculate the greatest common factor of r and 6.
6
Let l = 7 - -43. Suppose -2*j + l = -2*z, 3*j - 2*j - 2*z - 23 = 0. Let u = -5 + j. Calculate the highest common factor of u and 55.
11
Suppose -7*k = -3*k - 3*q - 141, 3*q = -4*k + 123. What is the highest common factor of 231 and k?
33
Let v(s) = -s - 24. Let b be v(-12). Let w = 20 + b. What is the greatest common divisor of w and 12?
4
Suppose -i + v = -5 - 0, -3*v = 3*i - 21. Suppose -n = -i*n + 605. Calculate the greatest common divisor of n and 11.
11
Suppose -16*i + 306 = i. Calculate the highest common divisor of 2 and i.
2
Let c = 9 + 3. Suppose 0 = 2*z - 5*z + 324. What is the highest common divisor of z and c?
12
Suppose -36 = -4*n - 4. Let u(k) be the third derivative of k**4/24 + k**3/6 - 2*k**2. Let q be u(n). Calculate the greatest common divisor of 72 and q.
9
Let o be -12*(-2 + (-1)/(-1)). Suppose -32 = -2*t + 4. What is the greatest common divisor of t and o?
6
Suppose 0 = 3*h, -3*f + 2*h = -2*h - 9. Suppose 275 = f*g + 4*l, -5*g + 196 = -3*l - 214. Calculate the highest common factor of g and 17.
17
Suppose 5*a - 102 = -4*o, 3*a - 4*o - o - 76 = 0. What is the greatest common divisor of 88 and a?
22
Suppose -2 = -k + 1. Let a(d) = -d**3 - 6*d**2 - 4*d - 3. Let n be a(-6). What is the greatest common factor of n and k?
3
Let l = -450 + 196. Let o = 385 + l. Suppose -4*s + o = -v + 4*v, -2*s + 68 = 4*v. Calculate the greatest common divisor of 48 and s.
16
Suppose 0*i - 151 = -m - 5*i, 0 = -5*m + 2*i + 620. Calculate the highest common divisor of m and 14.
14
Let g(l) = -l**3 - 9*l**2 - 12*l - 15. Let y be g(-8). Calculate the greatest common divisor of y and 17.
17
Let i be (76*-2*1/(-8))/1. What is the greatest common factor of 209 and i?
19
Let s(r) = -4 - 6*r**2 + 3 + 8*r**2. Let y be s(2). What is the greatest common divisor of 35 and y?
7
Suppose -5*l - 16 = -g, 36 = g + 2*l + 3*l. Calculate the greatest common divisor of g and 39.
13
Suppose 5*h = -2*a + 128, 2*h + h + a - 76 = 0. Calculate the greatest common factor of 3 and h.
3
Let x be 1/(-2) + 182/4. What is the greatest common divisor of 5 and x?
5
Suppose -9*a = -11*a + 270. Calculate the highest common factor of a and 15.
15
Let s be (0 + (-10)/(-4))/((-21)/(-378)). Calculate the highest common factor of s and 30.
15
Let j(g) = -2*g + 2. Let b be j(-2). Suppose 3*d - 21 = -b. What is the highest common factor of d and 5?
5
Let w = -44 - -55. Let p = -13 - -18. Suppose -4*b - 11 = -2*o + 23, 59 = 4*o - p*b. Calculate the highest common divisor of w and o.
11
Let o = 39 + -34. Calculate the greatest common factor of 5 and o.
5
Le